-24
Let o(i) = -550073*i + 4950663. Determine o(9).
6
Let u(j) = j**2 - 2933*j - 1233135. Calculate u(-373).
3
Let c(j) = -263*j - 11301. What is c(-35)?
-2096
Let w(m) = 12*m + 584. Determine w(12).
728
Let b(k) = k**3 - 7*k**2 - 527*k - 1086. Give b(-18).
300
Let s(n) = -n**3 + 94*n**2 + 1255*n + 1666. Calculate s(106).
-136
Let g(o) = -o**3 + 20*o**2 + 146*o - 4. What is g(-5)?
-109
Let w(m) = m**2 + 28652*m + 1858158. Give w(-65).
3
Let t(c) = -11080*c - 176912. Give t(-16).
368
Let s(c) = -15*c**2 + 20857*c + 337548. What is s(-16)?
-4
Let t(b) = 10*b**2 - 1265*b - 1919. Determine t(128).
1
Let a(r) = -40*r**3 - 170*r**2 + 25*r + 25. Determine a(-4).
-235
Let p(y) = -4714*y + 725962. Calculate p(154).
6
Let u(x) = 26*x**3 + 294*x**2 + 99*x + 146. Determine u(-11).
25
Let o(i) = 243*i + 32162. Give o(-132).
86
Let v(u) = 5763*u + 876126. Calculate v(-152).
150
Let y(v) = -285*v**2 - 7014*v + 44. Calculate y(-25).
-2731
Let d(f) = 11*f**2 + 1564*f - 4504. Determine d(-146).
1628
Let v(m) = m**3 + 20*m**2 - 156*m - 809. Determine v(-25).
-34
Let n(u) = 3655*u - 672513. Give n(184).
7
Let z(x) = 66*x**3 + 335*x**2 - 388*x + 10. Calculate z(-6).
142
Let s(w) = -269*w**2 + 5765*w - 11538. Calculate s(2).
-1084
Let p(d) = 12267*d - 94656. What is p(8)?
3480
Let b(j) = -5*j**3 - 8*j**2 - 38*j - 351. Determine b(-8).
2001
Let g(z) = -z**2 + 241*z - 10459. What is g(184)?
29
Let r(h) = -h**3 - 29*h**2 - 223*h - 472. Calculate r(-14).
-290
Let r(g) = -169*g + 676. Calculate r(9).
-845
Let k(u) = -906*u + 4469. What is k(5)?
-61
Let m(z) = z**3 - 10*z**2 - 61*z - 247. What is m(-7)?
-653
Let w(j) = -j**3 - 130*j**2 + 16513*j + 423. Calculate w(-209).
5
Let s(j) = j**3 + 14027*j**2 - 605006*j - 171. What is s(43)?
1
Let d(t) = -2*t**3 + 59*t**2 + 108*t - 3999. Give d(29).
-26
Let c(i) = 2*i**3 - i**2 - 123*i + 16. Determine c(8).
-8
Let v(y) = -2*y**2 - 110*y + 708. Give v(7).
-160
Let w(m) = -232*m**2 - 2657*m - 3353. Calculate w(-10).
17
Let y(m) = 881*m - 7695. What is y(8)?
-647
Let i(p) = -5*p**2 - 91*p + 3484. Give i(19).
-50
Let x(h) = -h**3 - 56*h**2 - 460*h - 10. Determine x(-12).
-826
Let a(u) = 3164*u**2 - 1777*u - 1777. Give a(-1).
3164
Let f(r) = 3*r**3 + 59*r**2 - 125*r - 1924. Calculate f(-20).
176
Let n(o) = o**3 - 42*o**2 + 44*o + 60. What is n(41)?
183
Let n(u) = 101*u - 156. Determine n(9).
753
Let b(v) = 187*v - 7178. Give b(37).
-259
Let j(p) = -18*p**3 + 640*p**2 - 635*p - 4. What is j(1)?
-17
Let g(t) = 567*t + 72996. What is g(-129)?
-147
Let y(c) = -12079*c - 2790255. Determine y(-231).
-6
Let q(m) = -2*m**2 + 190*m - 370. Give q(119).
-6082
Let o(v) = -477*v + 56933. What is o(122)?
-1261
Let n(x) = 10*x**2 + 3106*x - 18633. Calculate n(6).
363
Let l(r) = 119528*r - 239061. Calculate l(2).
-5
Let t(j) = j**2 - 4592*j - 23011. Give t(-5).
-26
Let p(u) = 3658*u + 2213142. Determine p(-605).
52
Let l(v) = 583*v + 27377. What is l(-47)?
-24
Let k(m) = 19620*m + 117850. Give k(-6).
130
Let y(w) = 19163*w - 134099. Determine y(7).
42
Let r(u) = -195*u**2 - 20260*u + 2086. Calculate r(-104).
6
Let h(z) = -2*z**2 - 64680*z - 1357403. What is h(-21)?
-5
Let h(r) = -3*r**3 + 18*r**2 + 37*r + 10. Give h(9).
-386
Let x(m) = 239*m**2 + 34113*m - 9219. What is x(-143)?
-67
Let o(s) = -38*s + 6296. Determine o(175).
-354
Let k(c) = 2*c**3 + 8*c**2 + 68*c - 47. Determine k(-6).
-599
Let x(v) = 544*v - 16303. Calculate x(29).
-527
Let g(l) = l**3 - 37*l**2 + 225*l - 291. Determine g(6).
-57
Let u(s) = 7*s**2 + 33*s - 1451. Calculate u(-18).
223
Let m(b) = 1186*b - 19881. Give m(17).
281
Let s(d) = -d**3 + 4*d**2 + 51*d - 357. Give s(-8).
3
Let a(b) = 201*b**2 + 661*b - 90. Give a(-6).
3180
Let x(y) = -1924*y - 15416. Give x(-8).
-24
Let b(x) = 30*x**2 + 197*x + 197. Determine b(-4).
-111
Let s(q) = -16935*q + 101057. Calculate s(6).
-553
Let s(h) = -151*h**2 - 41677*h - 281. Determine s(-276).
-5
Let t(s) = 8*s**3 + 2685*s**2 + 1721*s + 15409. Give t(-335).
-1
Let w(a) = 26*a**2 - 1944*a + 25. Calculate w(75).
475
Let o(a) = a**3 + 41*a**2 + 349*a + 719. Give o(-30).
149
Let a(u) = 21253*u - 7651086. What is a(360)?
-6
Let z(c) = -366*c**2 + 45613*c + 17139. What is z(125)?
14
Let f(v) = 11663*v + 1119696. Determine f(-96).
48
Let n(m) = m**2 - 2996*m - 45172. What is n(-15)?
-7
Let b(l) = -8830*l - 423854. Determine b(-48).
-14
Let q(l) = -2*l**2 + 431*l - 19668. Give q(85).
2517
Let x(f) = -3*f**3 - 592*f**2 + 382*f - 128. Give x(-198).
2644
Let s(q) = -q**2 + 8105*q - 330683. What is s(41)?
-59
Let j(g) = -g**2 - 465*g + 119545. Determine j(184).
129
Let x(d) = 47*d + 3348. Determine x(-89).
-835
Let v(j) = 3599*j - 280727. Give v(78).
-5
Let b(g) = 29078*g + 174477. Calculate b(-6).
9
Let s(v) = -52868*v - 951611. Give s(-18).
13
Let u(t) = -t**3 - 19*t**2 + 439*t + 8280. Determine u(-19).
-61
Let o(a) = a**2 - 509*a + 39390. Calculate o(96).
-258
Let p(g) = -g**2 + 10768*g - 3201377. Calculate p(306).
-5
Let q(m) = -m**3 + 71*m**2 - 503*m - 72. What is q(63)?
-9
Let m(w) = 42*w + 308. Give m(-9).
-70
Let h(m) = m**3 + 9*m**2 + 308*m + 9. Determine h(0).
9
Let h(y) = -2772085*y + 5544170. What is h(2)?
0
Let q(d) = d**2 - 2014*d - 12110. Calculate q(-6).
10
Let j(m) = -1926*m**2 + 5608*m - 35. What is j(3)?
-545
Let u(g) = g**3 + 51*g**2 - 236*g - 891. Give u(-55).
-11
Let p(g) = 1386*g + 363134. Determine p(-262).
2
Let y(l) = l**2 + 1472*l + 21851. Give y(-15).
-4
Let v(y) = 947*y - 10288. Determine v(11).
129
Let g(c) = -76*c**2 + 1045*c + 271. Give g(14).
5
Let p(q) = 8263*q + 90940. Determine p(-11).
47
Let l(f) = -237482*f + 3562221. Give l(15).
-9
Let n(p) = -22517*p - 226897. What is n(-10)?
-1727
Let p(m) = 68*m + 489. Give p(-20).
-871
Let u(s) = 542*s + 2616. Give u(-7).
-1178
Let x(u) = 361*u - 358. What is x(-2)?
-1080
Let h(x) = -x**3 - 3*x**2 + 3606*x + 21575. What is h(-6)?
47
Let o(p) = 4118*p - 32991. Calculate o(8).
-47
Let f(l) = -1158*l + 100237. Determine f(85).
1807
Let v(w) = 12374*w + 457878. What is v(-37)?
40
Let h(n) = 69*n**2 + 16*n - 117. Give h(5).
1688
Let u(m) = -m**2 - 137*m + 45053. Determine u(155).
-207
Let l(c) = -358*c - 2214. Give l(-6).
-66
Let n(a) = -313*a + 8926. Give n(28).
162
Let v(q) = -13288*q - 558059. Calculate v(-42).
37
Let c(i) = -2038*i + 3885. Calculate c(2).
-191
Let y(k) = 587*k - 3800. Calculate y(7).
309
Let m(s) = 77*s + 300. What is m(-11)?
-547
Let d(a) = a**3 + 29*a**2 - 101*a + 856. Calculate d(-33).
-167
Let s(n) = -52*n - 14092. Determine s(-274).
156
Let l(w) = -5489*w**2 - 71333*w + 36. Give l(-13).
-276
Let l(h) = h**3 + 586*h**2 + 8563*h - 1103. Calculate l(-571).
39
Let v(z) = z**3 + 10*z**2 - 8*z + 536. Give v(-18).
-1912
Let y(s) = 13*s**2 + 808*s + 12370. Determine y(-33).
-137
Let h(n) = 25*n**3 - 299*n**2 + 217*n - 2747. Determine h(12).
1
Let s(w) = -162*w**2 - 413*w + 193. What is s(-3)?
-26
Let h(a) = 31*a**2 - 8215*a - 164. Determine h(265).
-164
Let o(c) = -4*c**2 + 34*c + 51. What is o(4)?
123
Let x(m) = -4*m**2 + 4510*m + 36357. Give x(-8).
21
Let i(n) = -1048*n + 322791. What is i(308)?
7
Let j(t) = -2*t**3 - 122*t**2 - 353*t - 290. Give j(-58).
0
Let p(z) = -104*z**2 - 48*z + 11. Determine p(3).
-1069
Let z(s) = s**2 + 266*s - 135273. What is z(258)?
-81
Let x(m) = 336*m**2 - 2171*m - 130. Give x(6).
-1060
Let y(x) = 6836*x + 882083. Determine y(-129).
239
Let y(g) = -g**3 + 14*g**2 + 326*g + 637. Calculate y(-11).
76
Let o(s) = 11572*s - 4813966. What is o(416)?
-14
Let k(i) = 9632*i**2 + 57813*i + 130. What is k(-6)?
4
Let f(x) = -107*x**2 + 2909*x - 592. What is f(27)?
-52
Let a(d) = -300*d**2 - 8787*d + 6388. Determine a(-30).
-2
Let o(z) = z**3 - 11*z**2 - 422*z + 4600. Determine o(11).
-42
Let v(w) = w**2 - 464*w + 31005. Give v(81).
-18
Let t(j) = -5986*j - 610748. Calculate t(-102).
-176
Let a(y) = 8*y**3 + 595*y**2 - 366*y + 677. What is a(-75)?
2
Let r(z) = 11*z**3 + 77*z**2 - 11*z - 6. Calculate r(-4).
566
Let s(w) = -119536*w**2 + 239061*w + 4. Give s(2).
-18
Let j(z) = 10*z**3 - 70*z**2 - 88*z + 33. What is j(8)?
-31
Let l(d) = 22*d**2 + 290*d + 583. What is l(-11)?
55
Let v(b) = -2*b**3 + 5*b**2 + 1394*b - 4221. Give v(3).
-48
Let u(j) = -2*j**3 + 71*j**2 + 113*j - 2557. Determine u(36).
215
Let x(j) = -11668*j + 11644675. What is x(99